 361. Calculate the highest common factor of q and 11.
11
Let h(d) be the second derivative of -d**3/2 + d**2/2 - 3*d. Let b be h(-5). Calculate the highest common factor of 144 and b.
16
Let w be (-16)/(-12)*(-9)/(-2). Let k be 4/w - 238/(-21). What is the greatest common factor of k and 30?
6
Let s be (-1 + 2)/((-1)/(-4)). Suppose p = -s*p. Suppose 2*x + p*c = 3*c + 10, -3*c + 23 = x. Calculate the highest common factor of 1 and x.
1
Suppose 565 = 4*a + x, 6*a - 5*x - 535 = 2*a. Calculate the greatest common factor of a and 56.
28
Suppose -3*n - 3*c = -6*n + 81, -c = -3. Calculate the highest common factor of n and 75.
15
Let x be (-515)/(-4) - (-24)/(-32). Calculate the highest common divisor of x and 16.
16
Let q be -1*(-4)/(-8)*-220. Calculate the highest common factor of q and 10.
10
Suppose 2*x + 498 = 2*p, -p - 4*x + 116 + 148 = 0. Suppose 5*z - 12 = -p. Let r = 50 - z. Calculate the highest common divisor of r and 14.
14
Let k(p) = 9*p + 9. Let u be k(5). What is the greatest common factor of 12 and u?
6
Suppose 5*p - 4*z = 39, -4*z + 0*z = 4*p - 24. Let j be (-8)/(-2)*(-28)/(-2). What is the highest common factor of j and p?
7
Let f = -14 - -66. Let l = f + -3. Suppose -13 = z + 5*u, 2*z - u - 20 + 2 = 0. What is the greatest common factor of l and z?
7
Let m(u) = 67*u + 1. Let l be m(2). What is the greatest common divisor of 54 and l?
27
Let z be 3*4/8*12/9. Let g be 1/(-1 + 8/7). Let l = g + z. What is the greatest common factor of l and 81?
9
Let n be 94/(-3) - 3/(-9). Let i = n + 59. What is the highest common factor of 4 and i?
4
Let a be (3/5 - 0)*5. Suppose -3*c - a*m - 9 = 0, 0 = 2*c + m - 3*m - 6. Let h = 10 - c. What is the highest common factor of 70 and h?
10
Let u be 380/16 + 2/8. Let c be (-2)/(u/9 + -3). Calculate the highest common factor of 4 and c.
2
Suppose -59 = -5*a + 101. What is the greatest common divisor of a and 4?
4
Let l be (-150)/(-2) + 1 + 1. What is the highest common divisor of 11 and l?
11
Let c be 33 + 2 + -3 + 4. What is the highest common factor of c and 9?
9
Suppose 5*a = -47 + 2. Let y be (-114)/a + (-1)/(-3). What is the highest common divisor of y and 13?
13
Let y(g) = 4*g**3 - 2*g**2 - 5*g + 7. Let c be y(2). What is the highest common factor of 147 and c?
21
Let f(k) = -k + 31. Let m be f(-4). What is the greatest common divisor of m and 7?
7
Suppose 4*o + d - 89 + 16 = 0, 2*o + d - 37 = 0. Calculate the highest common divisor of o and 12.
6
Let i(l) = l - 3. Let u be i(5). Let w = 51 - -9. Suppose 6*o - u*o = w. What is the greatest common divisor of o and 10?
5
Suppose 3*x + 4*m = -0*m + 52, -3*m = -5*x + 106. What is the greatest common factor of x and 30?
10
Let t = 45 + -27. Let s = 180 - 178. Calculate the highest common factor of s and t.
2
Let c = 26 + -12. Let p = c - 4. Calculate the highest common factor of p and 100.
10
Let g = 30 - 9. What is the greatest common divisor of g and 14?
7
Suppose 3*w = 21 + 111. Calculate the greatest common divisor of 396 and w.
44
Let b = 49 + -25. What is the greatest common divisor of 16 and b?
8
Suppose -2*w + 101 + 123 = 0. Suppose 3*d = m + 82 - 3, -4*d - 2*m = -w. What is the highest common factor of d and 18?
9
Suppose 5*u - 5*c - 165 = 0, -7*u = -2*u + 5*c - 155. Suppose -3*w + 0*q + 53 = -q, 0 = -5*q - 25. Calculate the highest common divisor of u and w.
16
Let j = -1 - -14. Suppose -m - 2 = -j. Calculate the highest common factor of 77 and m.
11
Let u = 59 + -4. Calculate the greatest common factor of 11 and u.
11
Suppose -20*i + 22*i = 16. What is the highest common divisor of i and 80?
8
Suppose 14 + 31 = -5*v. Let i = -7 - v. Suppose 5*h = 20, 300 = 5*w - i*h - 3*h. What is the greatest common divisor of w and 8?
8
Let d = 7 + -4. Suppose -d*l + 251 - 35 = 0. Suppose -3*h + 39 = -3*z, 2*z + 0 = -8. What is the highest common divisor of l and h?
9
Let d = -68 - -123. What is the greatest common factor of d and 22?
11
Suppose 4*b + 8 - 40 = 0. Let v = -2 - -8. Let h(f) = 9*f + 2. Let k be h(v). Calculate the greatest common divisor of k and b.
8
Let d be (0 + -1)*12/(-1). Calculate the highest common factor of 8 and d.
4
Suppose 0 = 4*q + 2*j - j - 204, j - 255 = -5*q. Calculate the greatest common factor of 34 and q.
17
Let s(p) = p**2 + 6*p - 4. Let o be s(-5). Let y be 2/o - (-5688)/81. What is the greatest common divisor of 7 and y?
7
Suppose -4*c + 5*r + 25 = 0, -c + 4*r + 29 = 4*c. Suppose c*z - 2*m = 14, -3*z + 24 = 2*m + 2*m. What is the greatest common factor of 1 and z?
1
Suppose -4*s + 46 = -74. Suppose -y = 4*y + s. Let f = y + 12. Calculate the greatest common factor of 2 and f.
2
Suppose 0 = -3*u + 5*g + 84, 28 = 3*u - 2*u - 4*g. Calculate the highest common divisor of 4 and u.
4
Let q(o) = -o + 3. Let p be q(5). Let u(c) = -4*c. Let x be u(p). Suppose 17 = -2*b + 129. Calculate the greatest common divisor of x and b.
8
Let p(j) = -j**2 - 8*j - 6. Let h be p(-4). What is the greatest common factor of h and 40?
10
Let k be (1 - 4) + 66/3. Suppose k - 7 = i. What is the greatest common factor of i and 36?
12
Let o = -22 + 57. Calculate the greatest common divisor of o and 175.
35
Let s be (-10 - 60)*(-4)/5. Suppose -5*o + 0*o = -60. Let d = 26 - o. Calculate the greatest common divisor of s and d.
14
Let x = 138 + -82. Let r(b) = -b + 7. Let o be r(7). Suppose 0 = -s - o*i - 2*i + 5, 0 = -5*s + 2*i + 37. Calculate the highest common factor of s and x.
7
Let w = 22 + -13. Let o be 1 - w/(-2)*2. What is the highest common divisor of o and 90?
10
Let q be ((-5)/10)/((-2)/(-4)). Let y be q*(-4 + (7 - 4)). Calculate the greatest common divisor of y and 7.
1
Suppose 3*f = 7*f - 48. What is the greatest common divisor of 3 and f?
3
Let y(d) = -d**3 + 10*d**2 - 10*d + 22. Let l be y(9). What is the greatest common divisor of 39 and l?
13
Let d = 11 + -7. Suppose 0 = -d*u + 14 - 2. Suppose -u*v + 33 = -39. Calculate the greatest common divisor of 8 and v.
8
Let t be (1 + 0/1)*-163. Let a = -65 - t. Calculate the greatest common factor of a and 14.
14
Suppose 2*v + 3 = -v. Let z(u) = -7*u + 1. Let a be z(v). Let h(f) = -f**2 + 9*f - 4. Let p be h(a). What is the highest common divisor of 1 and p?
1
Let t = -3 - -12. Calculate the greatest common divisor of t and 27.
9
Let x(k) = k**2 + 6*k + 3. Suppose 0 = o + 8 - 2. Let v be x(o). Let h be (-363)/(-9) - 1/v. What is the greatest common divisor of h and 5?
5
Suppose -3*m = 4*l - m - 8, -m - 2 = -l. Suppose 0 = -2*v + 3*v - l. Suppose -5*h = -v*h - 66. What is the highest common factor of 22 and h?
22
Let a = 39 - 18. Let c = a - 7. Let q(v) = -v**2 - 8*v - 5. Let x be q(-7). What is the highest common factor of c and x?
2
Suppose -g - 3*g + 8 = 0. Let w be (-1 - g)*64/(-6). Let n be (-54)/(-15) - (-10)/25. Calculate the greatest common divisor of n and w.
4
Suppose -4*o - 8 = 0, 2*f + 4*o = 6*f - 12. Calculate the highest common factor of 8 and f.
1
Let q(l) = 17*l - 1. Let w be q(5). Suppose -3*s + 5*s + 20 = 0. Let p be ((-84)/30)/(2/s). Calculate the highest common factor of w and p.
14
Suppose 6*h = h + 105. Let d = -6 - -13. What is the highest common divisor of h and d?
7
Let y(d) = -4*d - 2. Let u = -8 - -3. Let p be y(u). Calculate the highest common divisor of p and 9.
9
Suppose 4*b - 219 = 41. Let s(i) be the first derivative of 3*i**2/2 + 8*i - 1. Let q be s(6). What is the greatest common divisor of b and q?
13
Let a be (-103)/(-3) + (-4)/(-6). Let s = 10 + a. What is the greatest common factor of s and 5?
5
Let h = 191 - 37. Let k = 151 - 137. Calculate the highest common divisor of h and k.
14
Suppose -s = -d - 20, -s + 1 = -4*d - 7. What is the greatest common factor of s and 64?
8
Let p = 84 - 26. What is the highest common divisor of 29 and p?
29
Suppose 10*t - 6*t - 552 = 0. What is the greatest common divisor of t and 6?
6
Let p = 4 + -4. Suppose -5*n + 7*n - 2 = p. Suppose -4*g + n = o - 9, -3*o - 4*g = -70. What is the greatest common factor of 15 and o?
15
Let m(n) = n**3 + 5*n**2 - n + 5. Let t be 20/6*(3 + 0). Let g = -15 + t. Let z be m(g). Calculate the highest common factor of z and 70.
10
Suppose 2*y + 2*r = -y + 122, 2*y - 5*r - 75 = 0. Calculate the highest common divisor of 16 and y.
8
Suppose 3*a - 4*a - 4*j = -60, -135 = -4*a + 5*j. Suppose 4*x = 